et t be (-2)/4*-2 + 87. Calculate the greatest common factor of t and a.
8
Let q = 20 + -12. Let p = -6 + 10. Suppose 4*r = 2*b + 106, 3*r + p*b = -0*r + 52. What is the highest common divisor of q and r?
8
Suppose 0 = 3*h + 2*h - 375. Calculate the greatest common factor of 30 and h.
15
Let f = -14 - -28. Calculate the greatest common divisor of 14 and f.
14
Let o = 101 - 26. Calculate the greatest common divisor of o and 15.
15
Suppose -10 = 2*a, 4*z - 5*a - 47 = 3*z. Calculate the greatest common divisor of 44 and z.
22
Let y = 31 + -13. Calculate the highest common divisor of y and 2.
2
Suppose 274 = 5*u - 126. Calculate the highest common divisor of 16 and u.
16
Suppose 2*n = 4*a + 82, -4 = -5*a + 1. Suppose -3*f = -g - 48, 4*g = -2*f + g + n. Calculate the greatest common divisor of 85 and f.
17
Let y(s) be the second derivative of 0 - 1/2*s**2 + 1/6*s**3 + 4*s. Let q be y(3). Calculate the highest common factor of q and 16.
2
Suppose x + 60 = 3*x. What is the highest common factor of 210 and x?
30
Suppose 5*c + 12 + 13 = 0, 2*s = -3*c - 11. Suppose -s*t = -0*t - 120. Calculate the greatest common divisor of 12 and t.
12
Let d = 24 + -20. What is the greatest common factor of d and 1?
1
Let r = -377 + 551. Calculate the greatest common divisor of 29 and r.
29
Suppose 0 = 15*n - 22*n + 161. What is the greatest common divisor of 92 and n?
23
Let c = -106 + 117. What is the greatest common factor of 11 and c?
11
Suppose -5*r + 6 = -4. Suppose 4*q + 2*f = 2, 0*q - 3 = -2*q + f. What is the highest common divisor of q and r?
1
Let x = -6 + 5. Let u = x + 5. Suppose -88 = -2*n + 5*j, -4*n + 35 + 141 = u*j. Calculate the greatest common factor of 11 and n.
11
Let g(r) = -3*r - 2. Let v be g(-2). Calculate the greatest common factor of 68 and v.
4
Suppose -2*f + 138 = 2*s, 2*s + 4*f - 59 - 87 = 0. Let a(w) = -w**3 + 2*w**2 + w - 1. Let z be a(-2). Calculate the highest common divisor of z and s.
13
Let t be ((-9)/(-6))/(9/66). Let p be t/2*(-20)/(-5). Calculate the greatest common factor of p and 2.
2
Let x = -6 - -9. Suppose 0 = -g + 4*i - 73 + 3, -3*g - 210 = x*i. Let r be 4/(-6) - g/6. Calculate the greatest common factor of r and 11.
11
Let c be ((-6)/(-9))/((-2)/(-54)). Let g be (77 + -1)/2*2. Let n = 50 + g. What is the highest common factor of c and n?
18
Let x(u) = -u + 11. Let a = 18 + -8. Let o be x(a). Let f be o*(12 - 1) + -1. Calculate the highest common factor of f and 2.
2
Suppose 2*m - 4 - 24 = 0. What is the greatest common divisor of 14 and m?
14
Let t(u) be the first derivative of 45*u**2/2 - 5*u + 5. Let p be t(2). Calculate the highest common factor of 17 and p.
17
Suppose -4*c + 0*c - 24 = -3*t, -t = -c - 8. What is the greatest common factor of t and 64?
8
Let g be 2 - 3/(1 - -2). Let k = 6 + -2. Suppose -3*r - 1 = -j, 0*j + k*j = -r + 17. What is the greatest common divisor of g and j?
1
Suppose 4*n - 14 = -2. What is the highest common divisor of n and 1?
1
Suppose 2*d = 110 - 38. Suppose n - d = -8. What is the greatest common divisor of n and 70?
14
Let x = -6 + 9. What is the greatest common factor of x and 6?
3
Suppose 5*k + 4*r - 169 = 0, 2*k + 4*r = 8*r + 62. What is the highest common factor of 11 and k?
11
Suppose 6*y - 165 = y. Suppose 0*j + 2*j - 15 = 3*u, -3*j + u = -y. Calculate the highest common factor of j and 30.
6
Let z be 12/(-3) + (1 - -15). What is the highest common factor of z and 12?
12
Let v be -1 - (-13 - (-1 + 0)). Let c be (-2)/v + 8/44. Suppose 4*t - 4*o - 100 = -c*o, 3*o = 2*t - 47. Calculate the highest common divisor of t and 42.
14
Let m = 14 + -10. Let w(c) = 2*c + 26. Let z be w(-12). Calculate the highest common divisor of z and m.
2
Let o = 10 - -144. Calculate the highest common divisor of 14 and o.
14
Suppose 0 = 2*h - 7*h + 20. Suppose -l + 315 = h*l. Let w be (24/(-8))/((-2)/6). Calculate the greatest common divisor of w and l.
9
Suppose 0*h + h - 55 = 0. Suppose 4*a + a - 30 = 0. Suppose 2*w = a*w - 20. What is the highest common divisor of h and w?
5
Let y be (-1)/(-3 + (-20)/(-8)). Suppose -4*h + p + 115 = 0, -y*h + 5*p - 55 = -3*h. What is the highest common divisor of h and 12?
6
Suppose -5*i = -i - 64. What is the greatest common divisor of 2 and i?
2
Suppose 3*k - 2*x + 6 = 5*k, -k + 3*x + 3 = 0. Suppose 2*n - 70 = -k*n. Calculate the highest common divisor of n and 154.
14
Suppose -5*p + 0*p = -45. Let a = -9 + 11. Suppose a*f - 2*c = 82, 0 = -f - 2*f - c + 139. What is the highest common divisor of f and p?
9
Let m(u) = -4*u + 1. Let f be m(-1). Suppose f*z - 147 = -42. What is the greatest common divisor of 189 and z?
21
Let y be ((-2)/4)/(2/(-8)). Suppose -6 = -y*j - 2*u, -4*j = -0*u + 5*u - 13. Let n be 4*24/(4 - j). What is the greatest common factor of 6 and n?
6
Suppose 106 = 4*o - 0*o + 2*m, -4*m - 74 = -3*o. Calculate the highest common factor of 130 and o.
26
Let s(i) be the third derivative of i**4/12 - i**3/3 + 3*i**2. Let h be s(2). Suppose -h*f + f + 16 = 0. Calculate the greatest common divisor of f and 16.
16
Let x(t) = -t + 29. Let p be x(11). Let g = -49 - -76. Calculate the greatest common divisor of p and g.
9
Suppose 4*o = -0*o + 12. Let i(t) = t - 1. Let d be i(o). What is the greatest common factor of 18 and d?
2
Let f = 7 + -5. Suppose 66 = h + f*h. What is the greatest common divisor of 11 and h?
11
Suppose 52 = 7*n - 2*n + q, 34 = 4*n - 3*q. Calculate the highest common factor of n and 25.
5
Suppose -4*d - 32 + 76 = 0. What is the greatest common factor of d and 1?
1
Let k be (6/(-24))/((-1)/8). Suppose 2*y + 2*c - 48 = -k*y, -5*c = -y + 34. What is the highest common factor of y and 35?
7
Let p be -8 - (3 - 2)*3. Let a = p + 155. Calculate the greatest common divisor of a and 16.
16
Let u(k) = -k**3 - 13*k**2 - 13*k + 8. Let n be u(-12). Suppose -4*c - n = -9*c, -4*p + 3*c + 56 = 0. Calculate the greatest common divisor of 136 and p.
17
Suppose q + 46 = 3*x - 4*q, 3*x = -4*q + 28. What is the greatest common divisor of 12 and x?
12
Let x(z) = 8*z**2. Let q be x(1). Let g be (72/28)/(15/70). Calculate the greatest common divisor of g and q.
4
Let a be 16/(-12)*(1 - 4). Suppose 0 = a*x - 0*x - 16. Calculate the highest common divisor of x and 12.
4
Suppose -w + 18 = 2*w. Let g = w - 4. Suppose 2*d - o = 90, 0 = g*o + o. What is the greatest common divisor of d and 9?
9
Let o = -29 - -36. Let p(n) = 27*n**2 + 1. Let a be p(1). What is the greatest common factor of o and a?
7
Let a be 9*1/12*-8. Let c be 132*(a/(-9))/1. What is the greatest common factor of 8 and c?
8
Suppose 4*p = -3*h - 3 + 18, -5*h - 2*p + 25 = 0. Let k(a) = -1 + 7 - 2 - 3*a + h*a. Let d be k(4). What is the greatest common factor of d and 12?
12
Let n(u) = 6*u. Let l be n(1). Let y(b) = 3*b - 23. Let p be y(9). What is the greatest common factor of l and p?
2
Let h(a) = 21*a**2 - 1. Let v be h(1). Suppose w + w = v. Let i be 0 + -2 + (-160)/(-5). What is the greatest common factor of w and i?
10
Suppose 30 = w + 85. Let a = -25 - w. Let x be ((-3)/(-2))/((-1)/(-8)). Calculate the greatest common divisor of a and x.
6
Let r = -493 + 497. Let d = -7 + 15. Calculate the highest common factor of d and r.
4
Suppose 2*a + 3*a = 10. What is the greatest common divisor of 22 and a?
2
Let m be 1*(-30)/8*-4. Calculate the greatest common factor of 60 and m.
15
Suppose -4*k + 15 + 17 = 0. Let r(l) = l**2 - 4*l - 10. Let s be r(k). Let d be (s/(-6))/((-3)/9). Calculate the greatest common divisor of 11 and d.
11
Suppose 0 = -2*j - 0*i + 2*i + 18, 5*i = 3*j - 33. What is the highest common divisor of j and 2?
2
Suppose -2*v = -1 - 51. What is the highest common factor of v and 13?
13
Let o(y) = -5*y - 25. Let s be o(-8). Calculate the highest common divisor of s and 5.
5
Let z = 31 - 23. Let o be ((-8)/10)/((-1)/10). What is the greatest common factor of z and o?
8
Let u(b) = -b**3 + 6*b**2 - 8. Let y be u(4). What is the highest common factor of y and 36?
12
Let n(o) = -3*o - 3. Let t be n(-6). What is the greatest common factor of 75 and t?
15
Suppose -x - 2*x + 12 = 0, -5*q - 3*x + 187 = 0. Let m = q + -21. What is the highest common factor of m and 21?
7
Let q = 77 + -33. Calculate the greatest common factor of 11 and q.
11
Suppose 4*w + 282 = 3*m, m + 2*m - 276 = 2*w. Calculate the 